{"id":467,"date":"2022-01-08T16:28:45","date_gmt":"2022-01-08T19:28:45","guid":{"rendered":"https:\/\/ecoilumi.com.br\/?post_type=product&#038;p=467"},"modified":"2022-01-08T16:28:45","modified_gmt":"2022-01-08T19:28:45","slug":"abajur-monte-voce-mesmo","status":"publish","type":"product","link":"https:\/\/ecoilumi.com.br\/?product=abajur-monte-voce-mesmo","title":{"rendered":"Abajur Monte Voc\u00ea Mesmo"},"content":{"rendered":"<p>Esse lindo Abajur confeccionado em MDF possui design cl\u00e1ssico e \u00e9 ideal para todo tipo de ambiente.<\/p>\n<p>Por ser fornecido em acabamento natural, permite que seja pintado, envernizado ou personalizado, possibilitando que voc\u00ea possa adequar perfeitamente \u00e0 sua decora\u00e7\u00e3o.<\/p>\n<p>Voc\u00ea recebe o abajur desmontado, monta e usa. Um belo presente.<\/p>\n<p>CARACTER\u00cdSTICAS:<br \/>\nMaterial principal: MDF Cru 3mm<br \/>\nCor: Natural<br \/>\nVoltagem: Bivolt<br \/>\nSoquete: E27<br \/>\nAmbiente de Ilumina\u00e7\u00e3o: Interno<br \/>\nNecessita Montagem: Sim<br \/>\nQuantidade de l\u00e2mpadas: 1 (n\u00e3o inclusa)<br \/>\nDimens\u00f5es: C\u00fapula 31cm, comprimento 32cm<\/p>\n<p>A ECO ilumi \u00e9 uma empresa especializada na cria\u00e7\u00e3o de decora\u00e7\u00e3o em MDF.<\/p>\n","protected":false},"excerpt":{"rendered":"<p>Esse lindo Abajur confeccionado em MDF possui design cl\u00e1ssico e \u00e9 ideal para todo tipo de ambiente. Por ser fornecido em acabamento natural, permite que seja pintado, envernizado ou personalizado, possibilitando que voc\u00ea possa adequar perfeitamente \u00e0 sua decora\u00e7\u00e3o. Voc\u00ea recebe o abajur desmontado, monta e usa. Um belo presente. CARACTER\u00cdSTICAS: Material principal: MDF Cru&hellip;&nbsp;<a href=\"https:\/\/ecoilumi.com.br\/?product=abajur-monte-voce-mesmo\" class=\"\" rel=\"bookmark\">Continue a ler &raquo;<span class=\"screen-reader-text\">Abajur Monte Voc\u00ea Mesmo<\/span><\/a><\/p>\n","protected":false},"featured_media":469,"comment_status":"open","ping_status":"closed","template":"","meta":{"neve_meta_sidebar":"","neve_meta_container":"","neve_meta_enable_content_width":"off","neve_meta_content_width":100,"neve_meta_title_alignment":"","neve_meta_author_avatar":"","neve_post_elements_order":"","neve_meta_disable_header":"","neve_meta_disable_footer":"","neve_meta_disable_title":"","_themeisle_gutenberg_block_has_review":false,"_ti_tpc_template_sync":false,"_ti_tpc_template_id":"","spay_email":""},"product_cat":[25],"product_tag":[],"class_list":{"0":"post-467","1":"product","2":"type-product","3":"status-publish","4":"has-post-thumbnail","6":"product_cat-luminarias-de-mesa","8":"first","9":"instock","10":"shipping-taxable","11":"purchasable","12":"product-type-simple"},"yoast_head":"<!-- This site is optimized with the Yoast SEO plugin v19.0 - https:\/\/yoast.com\/wordpress\/plugins\/seo\/ -->\n<title>Abajur Monte Voc\u00ea Mesmo - ECOilumi<\/title>\n<meta name=\"robots\" content=\"index, follow, max-snippet:-1, max-image-preview:large, max-video-preview:-1\" \/>\n<link rel=\"canonical\" href=\"https:\/\/ecoilumi.com.br\/?product=abajur-monte-voce-mesmo\" \/>\n<meta property=\"og:locale\" content=\"pt_BR\" \/>\n<meta property=\"og:type\" content=\"article\" \/>\n<meta property=\"og:title\" content=\"Abajur Monte Voc\u00ea Mesmo - ECOilumi\" \/>\n<meta property=\"og:description\" content=\"Esse lindo Abajur confeccionado em MDF possui design cl\u00e1ssico e \u00e9 ideal para todo tipo de ambiente. Por ser fornecido em acabamento natural, permite que seja pintado, envernizado ou personalizado, possibilitando que voc\u00ea possa adequar perfeitamente \u00e0 sua decora\u00e7\u00e3o. Voc\u00ea recebe o abajur desmontado, monta e usa. Um belo presente. CARACTER\u00cdSTICAS: Material principal: MDF Cru&hellip;&nbsp;Continue a ler &raquo;Abajur Monte Voc\u00ea Mesmo\" \/>\n<meta property=\"og:url\" content=\"https:\/\/ecoilumi.com.br\/?product=abajur-monte-voce-mesmo\" \/>\n<meta property=\"og:site_name\" content=\"ECOilumi\" \/>\n<meta property=\"og:image\" content=\"https:\/\/ecoilumi.com.br\/wp-content\/uploads\/2022\/01\/Abajur-01.jpg\" \/>\n\t<meta property=\"og:image:width\" content=\"800\" \/>\n\t<meta property=\"og:image:height\" content=\"800\" \/>\n\t<meta property=\"og:image:type\" content=\"image\/jpeg\" \/>\n<meta name=\"twitter:card\" content=\"summary_large_image\" \/>\n<script type=\"application\/ld+json\" class=\"yoast-schema-graph\">{\"@context\":\"https:\/\/schema.org\",\"@graph\":[{\"@type\":\"Organization\",\"@id\":\"https:\/\/ecoilumi.com.br\/#organization\",\"name\":\"ECOilumi\",\"url\":\"https:\/\/ecoilumi.com.br\/\",\"sameAs\":[],\"logo\":{\"@type\":\"ImageObject\",\"inLanguage\":\"pt-BR\",\"@id\":\"https:\/\/ecoilumi.com.br\/#\/schema\/logo\/image\/\",\"url\":\"https:\/\/ecoilumi.com.br\/wp-content\/uploads\/2022\/01\/ECO-ilumi3.png\",\"contentUrl\":\"https:\/\/ecoilumi.com.br\/wp-content\/uploads\/2022\/01\/ECO-ilumi3.png\",\"width\":1000,\"height\":500,\"caption\":\"ECOilumi\"},\"image\":{\"@id\":\"https:\/\/ecoilumi.com.br\/#\/schema\/logo\/image\/\"}},{\"@type\":\"WebSite\",\"@id\":\"https:\/\/ecoilumi.com.br\/#website\",\"url\":\"https:\/\/ecoilumi.com.br\/\",\"name\":\"ECOilumi\",\"description\":\"Empresa do Grupo RELA\",\"publisher\":{\"@id\":\"https:\/\/ecoilumi.com.br\/#organization\"},\"potentialAction\":[{\"@type\":\"SearchAction\",\"target\":{\"@type\":\"EntryPoint\",\"urlTemplate\":\"https:\/\/ecoilumi.com.br\/?s={search_term_string}\"},\"query-input\":\"required name=search_term_string\"}],\"inLanguage\":\"pt-BR\"},{\"@type\":\"ImageObject\",\"inLanguage\":\"pt-BR\",\"@id\":\"https:\/\/ecoilumi.com.br\/?product=abajur-monte-voce-mesmo#primaryimage\",\"url\":\"https:\/\/ecoilumi.com.br\/wp-content\/uploads\/2022\/01\/Abajur-01.jpg\",\"contentUrl\":\"https:\/\/ecoilumi.com.br\/wp-content\/uploads\/2022\/01\/Abajur-01.jpg\",\"width\":800,\"height\":800},{\"@type\":\"WebPage\",\"@id\":\"https:\/\/ecoilumi.com.br\/?product=abajur-monte-voce-mesmo#webpage\",\"url\":\"https:\/\/ecoilumi.com.br\/?product=abajur-monte-voce-mesmo\",\"name\":\"Abajur Monte Voc\u00ea Mesmo - ECOilumi\",\"isPartOf\":{\"@id\":\"https:\/\/ecoilumi.com.br\/#website\"},\"primaryImageOfPage\":{\"@id\":\"https:\/\/ecoilumi.com.br\/?product=abajur-monte-voce-mesmo#primaryimage\"},\"datePublished\":\"2022-01-08T19:28:45+00:00\",\"dateModified\":\"2022-01-08T19:28:45+00:00\",\"breadcrumb\":{\"@id\":\"https:\/\/ecoilumi.com.br\/?product=abajur-monte-voce-mesmo#breadcrumb\"},\"inLanguage\":\"pt-BR\",\"potentialAction\":[{\"@type\":\"ReadAction\",\"target\":[\"https:\/\/ecoilumi.com.br\/?product=abajur-monte-voce-mesmo\"]}]},{\"@type\":\"BreadcrumbList\",\"@id\":\"https:\/\/ecoilumi.com.br\/?product=abajur-monte-voce-mesmo#breadcrumb\",\"itemListElement\":[{\"@type\":\"ListItem\",\"position\":1,\"name\":\"In\u00edcio\",\"item\":\"https:\/\/ecoilumi.com.br\/\"},{\"@type\":\"ListItem\",\"position\":2,\"name\":\"Produtos\",\"item\":\"https:\/\/ecoilumi.com.br\/?page_id=53\"},{\"@type\":\"ListItem\",\"position\":3,\"name\":\"Abajur Monte Voc\u00ea Mesmo\"}]}]}<\/script>\n<!-- \/ Yoast SEO plugin. -->","yoast_head_json":{"title":"Abajur Monte Voc\u00ea Mesmo - ECOilumi","robots":{"index":"index","follow":"follow","max-snippet":"max-snippet:-1","max-image-preview":"max-image-preview:large","max-video-preview":"max-video-preview:-1"},"canonical":"https:\/\/ecoilumi.com.br\/?product=abajur-monte-voce-mesmo","og_locale":"pt_BR","og_type":"article","og_title":"Abajur Monte Voc\u00ea Mesmo - ECOilumi","og_description":"Esse lindo Abajur confeccionado em MDF possui design cl\u00e1ssico e \u00e9 ideal para todo tipo de ambiente. Por ser fornecido em acabamento natural, permite que seja pintado, envernizado ou personalizado, possibilitando que voc\u00ea possa adequar perfeitamente \u00e0 sua decora\u00e7\u00e3o. Voc\u00ea recebe o abajur desmontado, monta e usa. Um belo presente. CARACTER\u00cdSTICAS: Material principal: MDF Cru&hellip;&nbsp;Continue a ler &raquo;Abajur Monte Voc\u00ea Mesmo","og_url":"https:\/\/ecoilumi.com.br\/?product=abajur-monte-voce-mesmo","og_site_name":"ECOilumi","og_image":[{"width":800,"height":800,"url":"https:\/\/ecoilumi.com.br\/wp-content\/uploads\/2022\/01\/Abajur-01.jpg","type":"image\/jpeg"}],"twitter_card":"summary_large_image","schema":{"@context":"https:\/\/schema.org","@graph":[{"@type":"Organization","@id":"https:\/\/ecoilumi.com.br\/#organization","name":"ECOilumi","url":"https:\/\/ecoilumi.com.br\/","sameAs":[],"logo":{"@type":"ImageObject","inLanguage":"pt-BR","@id":"https:\/\/ecoilumi.com.br\/#\/schema\/logo\/image\/","url":"https:\/\/ecoilumi.com.br\/wp-content\/uploads\/2022\/01\/ECO-ilumi3.png","contentUrl":"https:\/\/ecoilumi.com.br\/wp-content\/uploads\/2022\/01\/ECO-ilumi3.png","width":1000,"height":500,"caption":"ECOilumi"},"image":{"@id":"https:\/\/ecoilumi.com.br\/#\/schema\/logo\/image\/"}},{"@type":"WebSite","@id":"https:\/\/ecoilumi.com.br\/#website","url":"https:\/\/ecoilumi.com.br\/","name":"ECOilumi","description":"Empresa do Grupo RELA","publisher":{"@id":"https:\/\/ecoilumi.com.br\/#organization"},"potentialAction":[{"@type":"SearchAction","target":{"@type":"EntryPoint","urlTemplate":"https:\/\/ecoilumi.com.br\/?s={search_term_string}"},"query-input":"required name=search_term_string"}],"inLanguage":"pt-BR"},{"@type":"ImageObject","inLanguage":"pt-BR","@id":"https:\/\/ecoilumi.com.br\/?product=abajur-monte-voce-mesmo#primaryimage","url":"https:\/\/ecoilumi.com.br\/wp-content\/uploads\/2022\/01\/Abajur-01.jpg","contentUrl":"https:\/\/ecoilumi.com.br\/wp-content\/uploads\/2022\/01\/Abajur-01.jpg","width":800,"height":800},{"@type":"WebPage","@id":"https:\/\/ecoilumi.com.br\/?product=abajur-monte-voce-mesmo#webpage","url":"https:\/\/ecoilumi.com.br\/?product=abajur-monte-voce-mesmo","name":"Abajur Monte Voc\u00ea Mesmo - ECOilumi","isPartOf":{"@id":"https:\/\/ecoilumi.com.br\/#website"},"primaryImageOfPage":{"@id":"https:\/\/ecoilumi.com.br\/?product=abajur-monte-voce-mesmo#primaryimage"},"datePublished":"2022-01-08T19:28:45+00:00","dateModified":"2022-01-08T19:28:45+00:00","breadcrumb":{"@id":"https:\/\/ecoilumi.com.br\/?product=abajur-monte-voce-mesmo#breadcrumb"},"inLanguage":"pt-BR","potentialAction":[{"@type":"ReadAction","target":["https:\/\/ecoilumi.com.br\/?product=abajur-monte-voce-mesmo"]}]},{"@type":"BreadcrumbList","@id":"https:\/\/ecoilumi.com.br\/?product=abajur-monte-voce-mesmo#breadcrumb","itemListElement":[{"@type":"ListItem","position":1,"name":"In\u00edcio","item":"https:\/\/ecoilumi.com.br\/"},{"@type":"ListItem","position":2,"name":"Produtos","item":"https:\/\/ecoilumi.com.br\/?page_id=53"},{"@type":"ListItem","position":3,"name":"Abajur Monte Voc\u00ea Mesmo"}]}]}},"_links":{"self":[{"href":"https:\/\/ecoilumi.com.br\/index.php?rest_route=\/wp\/v2\/product\/467","targetHints":{"allow":["GET"]}}],"collection":[{"href":"https:\/\/ecoilumi.com.br\/index.php?rest_route=\/wp\/v2\/product"}],"about":[{"href":"https:\/\/ecoilumi.com.br\/index.php?rest_route=\/wp\/v2\/types\/product"}],"replies":[{"embeddable":true,"href":"https:\/\/ecoilumi.com.br\/index.php?rest_route=%2Fwp%2Fv2%2Fcomments&post=467"}],"wp:featuredmedia":[{"embeddable":true,"href":"https:\/\/ecoilumi.com.br\/index.php?rest_route=\/wp\/v2\/media\/469"}],"wp:attachment":[{"href":"https:\/\/ecoilumi.com.br\/index.php?rest_route=%2Fwp%2Fv2%2Fmedia&parent=467"}],"wp:term":[{"taxonomy":"product_cat","embeddable":true,"href":"https:\/\/ecoilumi.com.br\/index.php?rest_route=%2Fwp%2Fv2%2Fproduct_cat&post=467"},{"taxonomy":"product_tag","embeddable":true,"href":"https:\/\/ecoilumi.com.br\/index.php?rest_route=%2Fwp%2Fv2%2Fproduct_tag&post=467"}],"curies":[{"name":"wp","href":"https:\/\/api.w.org\/{rel}","templated":true}]}}